
True
Is 32149 prime?
False
Is 6421 prime?
True
Is 222713 a prime number?
True
Is 5677 a composite number?
True
Is 5147 composite?
False
Is 220589 a prime number?
True
Is 8057 composite?
True
Is 2459 prime?
True
Is 753002 a prime number?
False
Is 327941 prime?
True
Is 315373 a prime number?
True
Is 404257 prime?
False
Is 947 prime?
True
Is 7853 a composite number?
False
Is 101917 a composite number?
False
Is 141901 a prime number?
False
Is 19043 a prime number?
False
Is 2483447 a prime number?
True
Is 1040681 a prime number?
False
Is 644401 prime?
True
Is 694763 prime?
True
Is 453811 composite?
True
Is 35515 a prime number?
False
Is 165953 prime?
False
Is 260699 composite?
True
Is 1889 prime?
True
Is 2637407 a prime number?
False
Is 7541 a prime number?
True
Is 90773 a prime number?
False
Is 46259 a composite number?
True
Is 85787 a prime number?
False
Is 65883 prime?
False
Is 72515 a composite number?
True
Is 2059 composite?
True
Is 2767 composite?
False
Is 368609 a composite number?
False
Is 19559 a composite number?
False
Is 4613127 composite?
True
Is 192949 a prime number?
True
Is 11197 a composite number?
False
Is 1753 a prime number?
True
Is 38299 a prime number?
True
Is 241221 prime?
False
Is 1904962 a prime number?
False
Is 2054645 a composite number?
True
Is 98633 prime?
False
Is 9533 prime?
True
Is 10154 composite?
True
Is 15101 prime?
True
Is 2629 a composite number?
True
Is 16781 a prime number?
False
Is 66431 a composite number?
False
Is 8941 a composite number?
False
Is 558863 a prime number?
True
Is 7851 a prime number?
False
Is 611989 prime?
False
Is 10883 prime?
True
Is 503101 composite?
True
Is 2018 composite?
True
Is 22094 a prime number?
False
Is 9967 composite?
False
Is 3683 prime?
False
Is 64063 prime?
True
Is 270005 a composite number?
True
Is 696979 composite?
True
Is 39651 a prime number?
False
Is 99697 prime?
False
Is 182491 a composite number?
True
Is 40249 a composite number?
True
Is 3019 a composite number?
False
Is 404483 a prime number?
True
Is 112061 a prime number?
True
Is 287101 a composite number?
True
Is 1979369 composite?
True
Is 133 a composite number?
True
Is 89002 a prime number?
False
Is 957409 prime?
True
Is 265 prime?
False
Is 26539 a prime number?
True
Is 37187 a prime number?
False
Is 1392769 composite?
True
Is 2291 a composite number?
True
Is 8131 a composite number?
True
Is 3739 prime?
True
Is 81633 a composite number?
True
Is 8923 prime?
True
Is 1112689 prime?
True
Is 127039 a composite number?
True
Is 35297 composite?
True
Is 12459 a composite number?
True
Is 7069 composite?
False
Is 145689 a composite number?
True
Is 14699 a composite number?
False
Is 556039 prime?
False
Is 849197 prime?
True
Is 11405 prime?
False
Is 28537 prime?
True
Is 26305 composite?
True
Is 21557 a prime number?
True
Is 331063 a composite number?
False
Is 609571 composite?
False
Is 6439 a prime number?
False
Is 2427 prime?
False
Is 433991 prime?
False
Is 402427 a prime number?
False
Is 2559 prime?
False
Is 48847 a composite number?
False
Is 889 a composite number?
True
Is 15349 a prime number?
True
Is 62501 composite?
False
Is 81799 composite?
False
Is 51937 composite?
True
Is 2779 prime?
False
Is 41717 a composite number?
True
Is 130063 composite?
True
Is 24829 composite?
True
Is 19621 a composite number?
True
Is 422441 composite?
True
Is 603457 prime?
True
Is 21961 a prime number?
True
Is 353449 prime?
False
Is 62617 a composite number?
False
Is 30161 prime?
True
Is 225893 composite?
True
Is 241427 a prime number?
False
Is 9277 composite?
False
Is 34453 composite?
True
Is 478481 a composite number?
False
Is 8171 composite?
False
Is 285977 a prime number?
True
Is 2359157 composite?
True
Is 466873 composite?
True
Is 95597 prime?
True
Is 7369 a composite number?
False
Is 25831 a composite number?
True
Is 396413 a prime number?
True
Is 9518 a prime number?
False
Is 20653 composite?
True
Is 7079 composite?
False
Is 1533037 a composite number?
True
Is 3007 prime?
False
Is 797161 a prime number?
True
Is 12761 a prime number?
False
Is 104179 prime?
True
Is 350395 composite?
True
Is 51923 a composite number?
True
Is 20473 a composite number?
True
Is 18037 composite?
True
Is 56273 composite?
True
Is 36591 a prime number?
False
Is 14799 a prime number?
False
Is 821413 a prime number?
False
Is 2785 a prime number?
False
Is 1469341 prime?
True
Is 1739167 a prime number?
True
Is 332701 a prime number?
False
Is 31627 a prime number?
True
Is 2138167 a prime number?
True
Is 167995 a prime number?
False
Is 39079 prime?
True
Is 3639 a prime number?
False
Is 50317 prime?
False
Is 60682 composite?
True
Is 437015 a composite number?
True
Is 19913 prime?
True
Is 403693 prime?
False
Is 2070349 a composite number?
True
Is 2179 prime?
True
Is 21326 prime?
False
Is 36641 a composite number?
True
Is 2599 a prime number?
False
Is 21071 prime?
False
Is 35491 a composite number?
False
Is 1737413 a composite number?
False
Is 61331 a prime number?
True
Is 59987 a prime number?
False
Is 10037 composite?
False
Is 880197 composite?
True
Is 197321 a composite number?
True
Is 422417 a prime number?
False
Is 14109 prime?
False
Is 19013 composite?
False
Is 79319 a prime number?
True
Is 279001 a prime number?
True
Is 12247 a prime number?
False
Is 10937 a composite number?
False
Is 23543 a prime number?
False
Is 24785 a composite number?
True
Is 14815 a composite number?
True
Is 296663 prime?
True
Is 12007 prime?
True
Is 11719 a prime number?
True
Is 2039 a composite number?
False
Is 61781 a composite number?
False
Is 79349 prime?
True
Is 33893 a composite number?
False
Is 312014 a composite number?
True
Is 704455 composite?
True
Is 1950181 prime?
True
Is 2713607 a composite number?
True
Is 24989 a composite number?
False
Is 294799 prime?
True
Is 3011 a composite number?
False
Is 2998 prime?
False
Is 13355 prime?
False
Is 888751 prime?
True
Is 93281 composite?
False
Is 308887 a composite number?
False
Is 137771 a prime number?
True
Is 367585 prime?
False
Is 744565 a prime number?
False
Is 26797 prime?
False
Is 1119221 a prime number?
True
Is 6029 a composite number?
False
Is 1256883 prime?
False
Is 135619 prime?
False
Is 178091 a prime number?
True
Is 9383 a prime number?
False
Is 50527 composite?
False
Is 379133 a prime number?
True
Is 19121 a composite number?
False
Is 943471 composite?
False
Is 178021 a composite number?
False
Is 47973 a composite number?
True
Is 12079 composite?
True
Is 13945 prime?
False
Is 127949 composite?
True
Is 77065 prime?
False
Is 20021 a composite number?
False
Is 4709 composite?
True
Is 12209 a prime number?
False
Is 11545 a prime number?
False
Is 304363 a prime number?
True
Is 3203 prime?
True
Is 36037 composite?
False
Is 33854 a composite number?
True
Is 31307 a composite number?
False
Is 33141 composite?
True
Is 12185 composite?
True
Is 20249 a composite number?
False
Is 51047 prime?
True
Is 664343 a composite number?
True
Is 30367 a prime number?
True
Is 2892359 prime?
True
Is 54127 composite?
True
Is 13841 composite?
False
Is 980194 composite?
True
Is 9307 a prime number?
False
Is 9979 prime?
False
Is 60783 composite?
True
Is 2221 a prime number?
True
Is 29902 prime?
False
Is 83209 a prime number?
False
Is 32519 prime?
False
Is 1019617 prime?
True
Is 696181 composite?
False
Is 66754 a composite number?
True
Is 1893 a prime number?
False
Is 83023 composite?
False
Is 1343 composite?
True
Is 277507 a prime number?
False
Is 280061 a composite number?
False
Is 67289 prime?
True
Is 1847 prime?
True
Is 65479 a prime number?
True
Is 127 composite?
False
Is 265879 prime?
False
Is 21453 prime?
False
Is 79301 a composite number?
False
Is 29527 prime?
True
Is 12679 prime?
False
Is 14995 composite?
True
Is 577513 a composite number?
False
Is 64669 a composite number?
True
Is 96653 a composite number?
True
Is 542897 composite?
True
Is 2203 composite?
False
Is 32869 prime?
True
Is 12295 composite?
True
Is 2819 a composite number?
False
Is 25409 composite?
False
Is 59863 composite?
False
Is 69271 composite?
True
Is 24517 composite?
False
Is 8777 prime?
False
Is 10765 composite?
True
Is 2449 composite?
True
Is 49253 composite?
False
Is 5873 prime?
False
Is 42277 a prime number?
False
Is 111139 prime?
False
Is 1368119 composite?
False
Is 